(l). Suppose 0 = -w*x + u + 2879, u - 1435 = -2*x - 0*u. Is x a composite number?
False
Suppose 32 = 5*s + r, -15*s = -17*s + r + 10. Is 43054/8 + 6*s/(-48) a prime number?
True
Let h(r) = 188*r**2 - 222*r + 1533. Is h(8) a prime number?
True
Let s(v) = 168*v**2 + 164*v - 4391. Is s(30) a composite number?
False
Suppose z - 3882 = -0*z - o, -5*o + 11650 = 3*z. Suppose -4*q = z - 14316. Is q a prime number?
True
Let i = 42290 + -14961. Is i a composite number?
False
Let n(l) = 9653*l**2 - 5*l - 3. Let v be -7 - (-152)/24 - (-2)/(-6). Is n(v) a prime number?
False
Let g = -1 + 5. Let q be (-3*(3 - g))/(-3). Is (-6)/3 - q - -4002 a composite number?
False
Let l(b) = -130*b**2 + 6*b + 14. Let r(o) = 259*o**2 - 13*o - 28. Let c(t) = -5*l(t) - 2*r(t). Is c(-6) a composite number?
True
Suppose 2*n = 7*n. Let q(k) = 3*k + 76. Let u be q(-1). Suppose n = -78*r + u*r + 1895. Is r prime?
True
Let t be (-28)/(-8)*48/(-28). Let y(c) = 6*c**2 - 6*c - 13. Is y(t) a prime number?
True
Let y(b) = 244714*b**3 + 13*b - 12. Let v be y(1). Suppose -z + v = 5*s + 3*z, -s + 48937 = 2*z. Is s composite?
False
Suppose 17 = 3*w - 10. Let y(d) = -2*d + 21. Let x be y(w). Suppose -x*j - 1644 = -9027. Is j prime?
False
Suppose -4*s = -j - 115, -3*s + 111 = -j + 24. Suppose 25*t = s*t - 164721. Is t prime?
True
Suppose -4*b + 28 = -8. Let y(v) = -b*v + 0 + 35*v**2 - 34*v**2 + 3. Is y(22) a composite number?
True
Let t = -6799 + 10414. Suppose -3193 = -8*u + t. Is u prime?
False
Let y be 0 + (-12)/3 + 6. Suppose z + 660 = -y*z. Let g = z - -637. Is g prime?
False
Let l(w) = -136*w**3 - 43*w**2 - 297*w + 1. Is l(-6) composite?
False
Let x = 122860 - -10209. Is x prime?
True
Let v = 300894 - 149183. Is v composite?
True
Suppose 2*l - 4*l + 25626 = 4*w, 0 = -w + 5*l + 6434. Suppose -719 + w = 2*t. Is t a prime number?
False
Let i(m) = -6*m - 67. Let r be i(-13). Let k(y) = 5*y**2 - 16*y - 32. Is k(r) prime?
True
Suppose 3*a + 2*a - 4*i = 65, -2*a + 33 = -3*i. Is 466*(a/6)/(21/623) prime?
False
Is 2/(-16)*(-11 + -6429725) a composite number?
False
Is 2/(-6) - 67425*(-938)/63 a prime number?
False
Suppose -6*b + 10*b = 0. Let w = -18 - -16. Is 362/w*((-2)/2 + b) composite?
False
Let s = 4128 + 956. Suppose 0 = b + 5*x - s, -5*b - x + 10159 = -3*b. Suppose -l - 2*l + b = -2*j, -5*l = -j - 8465. Is l composite?
False
Let g(y) = 6282*y**2 - 225*y + 1277. Is g(6) composite?
True
Suppose 2*v - 3*v + 5*s = -286, 0 = -4*v + 5*s + 1219. Let q = v + 12. Is q a composite number?
True
Let w be 4*(-966)/(-48)*-122. Let s = -1650 - w. Is s a prime number?
True
Suppose -56 - 10 = -33*o. Suppose -3*z = o*r - 7891, 3*r + 5 = 2. Is z a composite number?
True
Let k be (18/30)/((-2)/(-10)). Suppose -2*r - 4*m + 1786 = 0, r - 875 = -k*m + 7*m. Is r prime?
True
Let o = -196322 + 344101. Is o a composite number?
False
Suppose 7*b - 1099865 = -30*b + 45174. Is b a prime number?
False
Let o(b) = b**2 - 17*b - 8. Let r be o(17). Is (-3)/r*68/51*8354 prime?
True
Is (-3)/((-1)/(-41068*7/(-28))) composite?
True
Let u be (5 - 12)/1 - 16. Let b(v) = -v**3 - 13*v**2 - 14*v + 51. Is b(u) prime?
False
Let h = 278940 - 70819. Is h composite?
False
Suppose -4 = -j + 2*u - 0*u, 1 = -u. Suppose 2*w - 64 + 56 = 0, 2*w = -j*z + 11086. Is z prime?
False
Is 33879512/32*2 + (-15)/6 a prime number?
False
Is (-1 - 0)/(201/(-22404063)) composite?
True
Let b(r) = r**3 - 12*r**2 - 3*r + 27. Let v be b(12). Let t(h) = 2*h**3 + 17*h**2 - 10*h + 16. Let f be t(v). Is (61235/f + 6/(-15))*1 a prime number?
False
Let o be 2/(-4)*(-1 - 5). Suppose 0 = o*r - 116 - 145. Suppose 1760 - r = i. Is i a composite number?
True
Suppose 3*t = 4*a - 1477879, t = -143*a + 148*a - 1847346. Is a composite?
False
Let b(t) = -t**2 + 4*t + 10. Let d be b(5). Suppose 3*k + 12 = 0, -5 - 12 = -3*l + d*k. Is (3/6)/((-2)/3688*l) prime?
False
Suppose 17*x - 4*x - 16913 = 0. Suppose -483 - 798 = -5*m - z, -5*m + x = -4*z. Is m composite?
False
Let v = -43 - -79. Is (-72)/v + (1 - (-4387 + 1)) a composite number?
True
Let d be ((-11)/11)/(1*(-1)/7). Is -51*(-471)/3 - (d - 5) composite?
True
Let q(u) = 2476*u**2 + 1. Let x = 90 - 90. Let y be 0/2 + -10 + 11 - x. Is q(y) composite?
False
Suppose 3*p = 2*j + 1820165, 297*p - 3*j + 3033602 = 302*p. Is p a prime number?
True
Suppose -471632 + 4609778 = 18*i. Is i composite?
False
Let l be ((-5)/(-25))/(2/57910). Suppose -24461 = -2*t + b, 3*b - 19126 = -2*t + 5331. Suppose -3*d = -l - t. Is d prime?
True
Let c(j) = 9*j**3 - 7*j**2 - j + 13. Let m = -54 - -63. Is c(m) prime?
False
Let l be ((-3079)/1)/((2 + 1)/(-3)). Suppose -5*v = -4*v - l. Is v a composite number?
False
Suppose 5 = -d + 22. Suppose -4*q + d = 1. Suppose -1437 = -q*a + 351. Is a a composite number?
True
Let z(j) = -29*j - 9. Let q be (8/(-20))/(-2*2/(-60)). Let h be z(q). Suppose 0 = -2*m + r + 462, 4*r - h = -5*m + 1016. Is m a prime number?
True
Suppose -4*t = 3*z - 40234, 5*t + 8936 = -z + 59245. Is t composite?
True
Let o = 6215 - 9062. Let f = 3996 + 1460. Let z = f + o. Is z composite?
False
Let n(q) = -1320*q - 3. Let s(u) = -3952*u - 8. Let d(x) = -17*n(x) + 6*s(x). Suppose -y - 23 = 5*j, 4*j - 5*y = -0*y - 1. Is d(j) a prime number?
False
Suppose 3*f = -4*t, -3*f - 2*f + 2*t = 0. Suppose 2*m = 3*d - 8*d + 10233, 3*d + 5*m - 6136 = f. Is d a prime number?
False
Let k = -1982 - -3130. Suppose -k = -6*p + 1246. Let r = p + 972. Is r composite?
True
Let v be 4/46 - 26216/(-46). Let z = 127 + v. Is z a prime number?
False
Let q(u) = 16*u + 12 - 6*u - u**2 + 4*u**2 - 41. Let g be q(17). Suppose v = 239 + g. Is v a composite number?
True
Let f = -144 - -149. Suppose -p = s - 8663, 2*p - 4*s + 25989 = f*p. Is p prime?
True
Suppose x + 75*g = 74*g + 3110, 0 = -2*x + 4*g + 6202. Is x prime?
False
Let p(g) = 36*g - 211. Let l be p(6). Suppose -3*u = 4*w - 15527, -34*w + 29*w = -l*u + 25855. Is u prime?
False
Let j be (4 - (-138)/(-30))*(1 - 6). Let v be (-57)/2*(-2)/j. Let r(z) = -z + 84. Is r(v) a composite number?
True
Suppose -8*o = -7*o - 66. Let q be (-6)/(-9)*426/4. Suppose 0 = -o*l + q*l - 10895. Is l a composite number?
False
Let d be -2 - ((-15)/3 - 0). Suppose -4*i + 5049 = -d*g, -2*i - 3*g = 2*g - 2557. Suppose 4*q + 2*a = i, -2*a = -2*q + a + 613. Is q composite?
True
Let y = 791472 + -144963. Is y a composite number?
True
Suppose 0 = -364*h + 352*h + 2150796. Is h a prime number?
True
Let w be (32183 + 0)*(3 + -4)/(-1). Suppose 5*f + 4*y + 4628 = w, -4*f + 2*y + 22018 = 0. Is f composite?
False
Let j(h) be the second derivative of 49*h**4/12 + h**3/6 + 9*h**2/2 - 369*h - 2. Let i = 10 - 6. Is j(i) a prime number?
True
Suppose -15*f + 11*f + 378212 = 0. Suppose -15*z - 8*z = -f. Is z prime?
True
Let d(y) = 891*y - 15. Suppose -36*w + 41*w - 30 = 0. Is d(w) a prime number?
False
Let f(a) = 52*a**2 - 6*a - 425. Is f(27) prime?
True
Is 390646 - (36/6)/(-6) composite?
False
Let o(a) = a**3 + 2*a - 1. Let s(u) = 3*u**3 + 19*u**2 - 84. Let c(d) = 5*o(d) + s(d). Is c(14) prime?
False
Suppose 0 = 50*l - 31223890 - 44600260. Is l composite?
False
Suppose -4*k + 1 = -15. Suppose 0 = -k*y + 11*y - 16044. Is (-26)/(-4)*y/((-6)/(-1)) composite?
True
Suppose 3*j - 151179 - 2160860 = 5*w, 0 = 3*j - 3*w - 2312043. Is j a composite number?
True
Let l = 189598 - 5189. Is l a prime number?
True
Let p(h) be the third derivative of -h**4/24 - 2*h**3 - h**2. Let r be p(-10). Is r/(-4)*68 - 0 a composite number?
True
Let n(g) = g**2 + 14*g - 6. Let q be n(-15). Let h be (q/(-6))/(2/(-4) + 0). Suppose 0 = -i - i - h*s + 1765, -3*s = i - 878. Is i a prime number?
True
Let i be (-8)/(-20)*5/2*22. Suppose 0 = i*k - 21*k - 2, -16565 = -3*z - 4*k. Is z a prime number?
True
Let w(i) = -34 + 0*i + 108 - 2*i. Is w(0) a composite number?
True
Suppose 0 = 8*q - 13*q - 3*m + 8870, 3*q + 3*m - 5316 = 0. Suppose -21*x + 20*x + q = 0. Is x a prime number?
True
Let c(j) = 243*j**3 + 6*j**2 + 5*j + 16. Let y(v) = 244*v**3 + 7*v**2 + 5*v + 15. Let t(z) = -4*c(z) + 3*y(z). Is t(-3) a prime number?
True
Let z be 7483/1 - 3/(-3). Suppose -3*c + 5*g = -0*c - z, 0 = -3*g + 15. Is c a composite number?
False
Suppose 75998245 = 11369*b - 11284*b. Is b a prime number?
True
Let q be (-312)/(-15) - (28/10 + -3). Let w = q - 262. Let d = w - -360. Is d prime?
False
Let y(u) = 547*